{"id":20,"date":"2025-06-03T08:27:37","date_gmt":"2025-06-03T08:27:37","guid":{"rendered":"https:\/\/larsag-27002.teodor-osl.servebolt.cloud\/?page_id=20"},"modified":"2025-07-02T08:09:27","modified_gmt":"2025-07-02T08:09:27","slug":"forside","status":"publish","type":"page","link":"https:\/\/larsagarden.no\/","title":{"rendered":"Forside"},"content":{"rendered":"\n<div class=\"wp-block-kadence-column kadence-column20_9c5131-ec\"><div class=\"kt-inside-inner-col\">\n<h1 class=\"kt-adv-heading20_f22384-45 wp-block-kadence-advancedheading\" data-kb-block=\"kb-adv-heading20_f22384-45\">Velkommen til Larsagarden gardsbutikk<\/h1>\n\n\n\n<div class=\"wp-block-kadence-column kadence-column20_257be5-81\"><div class=\"kt-inside-inner-col\">\n<p class=\"kt-adv-heading20_63aade-62 wp-block-kadence-advancedheading\" data-kb-block=\"kb-adv-heading20_63aade-62\">tre minutt opp bakken!<\/p>\n<\/div><\/div>\n\n\n\n<p class=\"kt-adv-heading20_b7036b-59 wp-block-kadence-advancedheading\" data-kb-block=\"kb-adv-heading20_b7036b-59\">Vi har ferske \u00f8kologiske ostar til sals i v\u00e5r gardsbutikk. Vi sel ogs\u00e5 andre produkt fr\u00e5 garden, alt etter kva for ein sesong vi er inne i.<\/p>\n\n\n\n<p class=\"kt-adv-heading20_a328b7-8a wp-block-kadence-advancedheading\" data-kb-block=\"kb-adv-heading20_a328b7-8a\">Alle oster er ysta p\u00e5 Larsagarden p\u00e5 fersk geitmj\u00f8lk fr\u00e5 st\u00f8lene i Jotunheimen og M\u00f8rkridsdalen.<\/p>\n\n\n\n<hr class=\"wp-block-separator has-alpha-channel-opacity\"\/>\n\n\n\n<p class=\"kt-adv-heading20_484914-91 wp-block-kadence-advancedheading\" data-kb-block=\"kb-adv-heading20_484914-91\"><em>Welcome to the Larsagarden Farm Shop<\/em>, 3 minutes up the hill.<\/p>\n\n\n\n<p class=\"kt-adv-heading20_58da46-10 wp-block-kadence-advancedheading\" data-kb-block=\"kb-adv-heading20_58da46-10\"><em>We sell fresh goat cheese and other products from our farm in our shop.<\/em><\/p>\n\n\n\n<p class=\"kt-adv-heading20_6080af-0a wp-block-kadence-advancedheading\" data-kb-block=\"kb-adv-heading20_6080af-0a\"><em>The cheese is made from fresh goat milk produced on our summer mountain pasture farms in Jotunheimen and M\u00f8rkridsdalen.<\/em><\/p>\n<\/div><\/div>\n\n\n<div class=\"kb-row-layout-wrap kb-row-layout-id20_a10ca1-91 alignfull kt-row-has-bg wp-block-kadence-rowlayout\"><div class=\"kt-row-column-wrap kt-has-1-columns kt-row-layout-equal kt-tab-layout-inherit kt-mobile-layout-row kt-row-valign-top\">\n\n<div class=\"wp-block-kadence-column kadence-column20_aa2697-ed\"><div class=\"kt-inside-inner-col\"><div class=\"kb-row-layout-wrap kb-row-layout-id20_3c6229-ea alignnone wp-block-kadence-rowlayout\"><div class=\"kt-row-column-wrap kt-has-1-columns kt-row-layout-equal kt-tab-layout-inherit kt-mobile-layout-row kt-row-valign-top\">\n\n<div class=\"wp-block-kadence-column kadence-column20_711ead-fa\"><div class=\"kt-inside-inner-col\">\n<p class=\"kt-adv-heading20_693e90-f3 wp-block-kadence-advancedheading\" data-kb-block=\"kb-adv-heading20_693e90-f3\"><a href=\"https:\/\/www.google.com\/maps\/dir\/Coop+Marked+Skjolden,+Skjolden+2,+6876+Skjolden\/Larsagarden,+Bolstadvegen+125,+6876+Bolstad\/@61.4956651,7.6007224,15z\/data=!4m14!4m13!1m5!1m1!1s0x4615bdfcae58fc53:0xc798a44c1795bfdb!2m2!1d7.6003684!2d61.4905747!1m5!1m1!1s0x4615be2dbc34fe0b:0x62d0196d0d69d9b6!2m2!1d7.6117263!2d61.498447!3e0?entry=ttu&amp;g_ep=EgoyMDI1MDUyOC4wIKXMDSoASAFQAw%3D%3D\" target=\"_blank\" rel=\"noreferrer noopener\">For \u00e5 kome deg til Larsagarden kan du \u00e5pne kart og vegviser:<\/a><\/p>\n\n\n\n<p class=\"kt-adv-heading20_6387ee-52 wp-block-kadence-advancedheading\" data-kb-block=\"kb-adv-heading20_6387ee-52\">Eller sj\u00e5 p\u00e5 kartet under.<\/p>\n\n\n\n<hr class=\"wp-block-separator has-alpha-channel-opacity\"\/>\n\n\n\n<p class=\"kt-adv-heading20_dcf981-dc wp-block-kadence-advancedheading\" data-kb-block=\"kb-adv-heading20_dcf981-dc\"><a href=\"https:\/\/www.google.com\/maps\/dir\/Coop+Marked+Skjolden,+Skjolden+2,+6876+Skjolden\/Larsagarden,+Bolstadvegen+125,+6876+Bolstad\/@61.4956651,7.6007224,15z\/data=!4m14!4m13!1m5!1m1!1s0x4615bdfcae58fc53:0xc798a44c1795bfdb!2m2!1d7.6003684!2d61.4905747!1m5!1m1!1s0x4615be2dbc34fe0b:0x62d0196d0d69d9b6!2m2!1d7.6117263!2d61.498447!3e0?entry=ttu&amp;g_ep=EgoyMDI1MDUyOC4wIKXMDSoASAFQAw%3D%3D\" target=\"_blank\" rel=\"noreferrer noopener\"><em>To get to Larsagarden you can open the map and directions:<\/em><\/a><\/p>\n\n\n\n<p class=\"kt-adv-heading20_e518c6-1f wp-block-kadence-advancedheading\" data-kb-block=\"kb-adv-heading20_e518c6-1f\"><em>Or look at the map below.<\/em><\/p>\n\n\n\n<div class=\"wp-block-kadence-image kb-image20_0442fc-aa\"><figure class=\"aligncenter size-large\"><img loading=\"lazy\" decoding=\"async\" width=\"905\" height=\"1024\" src=\"https:\/\/larsagarden.no\/wp-content\/uploads\/2025\/06\/Kart_illustrert_2-905x1024.png\" alt=\"Kart med vegvisning fra Skjolden butikk til Larsagarden\" class=\"kb-img wp-image-151\" srcset=\"https:\/\/larsagarden.no\/wp-content\/uploads\/2025\/06\/Kart_illustrert_2-905x1024.png 905w, https:\/\/larsagarden.no\/wp-content\/uploads\/2025\/06\/Kart_illustrert_2-265x300.png 265w, https:\/\/larsagarden.no\/wp-content\/uploads\/2025\/06\/Kart_illustrert_2-768x869.png 768w, https:\/\/larsagarden.no\/wp-content\/uploads\/2025\/06\/Kart_illustrert_2-1358x1536.png 1358w, https:\/\/larsagarden.no\/wp-content\/uploads\/2025\/06\/Kart_illustrert_2-1811x2048.png 1811w\" sizes=\"auto, (max-width: 905px) 100vw, 905px\" \/><\/figure><\/div>\n\n\n\n<div class=\"wp-block-kadence-image kb-image20_56ec28-1c\"><figure class=\"aligncenter size-large\"><img loading=\"lazy\" decoding=\"async\" width=\"1024\" height=\"724\" src=\"https:\/\/larsagarden.no\/wp-content\/uploads\/2025\/06\/T9A8728-1024x724.jpg\" alt=\"\" class=\"kb-img wp-image-39\" srcset=\"https:\/\/larsagarden.no\/wp-content\/uploads\/2025\/06\/T9A8728-1024x724.jpg 1024w, https:\/\/larsagarden.no\/wp-content\/uploads\/2025\/06\/T9A8728-300x212.jpg 300w, https:\/\/larsagarden.no\/wp-content\/uploads\/2025\/06\/T9A8728-768x543.jpg 768w, https:\/\/larsagarden.no\/wp-content\/uploads\/2025\/06\/T9A8728-1536x1086.jpg 1536w, https:\/\/larsagarden.no\/wp-content\/uploads\/2025\/06\/T9A8728-2048x1448.jpg 2048w\" sizes=\"auto, (max-width: 1024px) 100vw, 1024px\" \/><\/figure><\/div>\n\n\n\n<div class=\"wp-block-kadence-image kb-image20_66ca11-b6\"><figure class=\"aligncenter size-large\"><img loading=\"lazy\" decoding=\"async\" width=\"1024\" height=\"1024\" src=\"https:\/\/larsagarden.no\/wp-content\/uploads\/2025\/06\/Tindeost-1024x1024.jpg\" alt=\"\" class=\"kb-img wp-image-40\" srcset=\"https:\/\/larsagarden.no\/wp-content\/uploads\/2025\/06\/Tindeost-1024x1024.jpg 1024w, https:\/\/larsagarden.no\/wp-content\/uploads\/2025\/06\/Tindeost-300x300.jpg 300w, https:\/\/larsagarden.no\/wp-content\/uploads\/2025\/06\/Tindeost-150x150.jpg 150w, https:\/\/larsagarden.no\/wp-content\/uploads\/2025\/06\/Tindeost-768x768.jpg 768w, https:\/\/larsagarden.no\/wp-content\/uploads\/2025\/06\/Tindeost.jpg 1440w\" sizes=\"auto, (max-width: 1024px) 100vw, 1024px\" \/><\/figure><\/div>\n\n\n\n<div class=\"wp-block-kadence-image kb-image20_ba8890-d2\"><figure class=\"aligncenter size-large\"><img loading=\"lazy\" decoding=\"async\" width=\"1024\" height=\"724\" src=\"https:\/\/larsagarden.no\/wp-content\/uploads\/2025\/07\/T9A8583-1024x724.jpg\" alt=\"\" class=\"kb-img wp-image-156\" srcset=\"https:\/\/larsagarden.no\/wp-content\/uploads\/2025\/07\/T9A8583-1024x724.jpg 1024w, https:\/\/larsagarden.no\/wp-content\/uploads\/2025\/07\/T9A8583-300x212.jpg 300w, https:\/\/larsagarden.no\/wp-content\/uploads\/2025\/07\/T9A8583-768x543.jpg 768w, https:\/\/larsagarden.no\/wp-content\/uploads\/2025\/07\/T9A8583-1536x1086.jpg 1536w, https:\/\/larsagarden.no\/wp-content\/uploads\/2025\/07\/T9A8583-2048x1448.jpg 2048w\" sizes=\"auto, (max-width: 1024px) 100vw, 1024px\" \/><\/figure><\/div>\n<\/div><\/div>\n\n<\/div><\/div><\/div><\/div>\n\n<\/div><\/div>","protected":false},"excerpt":{"rendered":"<p>Velkommen til Larsagarden gardsbutikk tre minutt opp bakken! Vi har ferske \u00f8kologiske ostar til sals i v\u00e5r gardsbutikk. Vi sel ogs\u00e5 andre produkt fr\u00e5 garden, alt etter kva for ein sesong vi er inne i. Alle oster er ysta p\u00e5 Larsagarden p\u00e5 fersk geitmj\u00f8lk fr\u00e5 st\u00f8lene i Jotunheimen og M\u00f8rkridsdalen. Welcome to the Larsagarden Farm [&hellip;]<\/p>\n","protected":false},"author":1,"featured_media":0,"parent":0,"menu_order":0,"comment_status":"closed","ping_status":"closed","template":"","meta":{"inline_featured_image":false,"_kad_blocks_custom_css":"","_kad_blocks_head_custom_js":"","_kad_blocks_body_custom_js":"","_kad_blocks_footer_custom_js":"","footnotes":""},"class_list":["post-20","page","type-page","status-publish","hentry"],"taxonomy_info":[],"featured_image_src_large":false,"author_info":{"display_name":"kari_21425","author_link":"https:\/\/larsagarden.no\/index.php\/author\/kari_21425\/"},"comment_info":0,"_links":{"self":[{"href":"https:\/\/larsagarden.no\/index.php\/wp-json\/wp\/v2\/pages\/20","targetHints":{"allow":["GET"]}}],"collection":[{"href":"https:\/\/larsagarden.no\/index.php\/wp-json\/wp\/v2\/pages"}],"about":[{"href":"https:\/\/larsagarden.no\/index.php\/wp-json\/wp\/v2\/types\/page"}],"author":[{"embeddable":true,"href":"https:\/\/larsagarden.no\/index.php\/wp-json\/wp\/v2\/users\/1"}],"replies":[{"embeddable":true,"href":"https:\/\/larsagarden.no\/index.php\/wp-json\/wp\/v2\/comments?post=20"}],"version-history":[{"count":37,"href":"https:\/\/larsagarden.no\/index.php\/wp-json\/wp\/v2\/pages\/20\/revisions"}],"predecessor-version":[{"id":165,"href":"https:\/\/larsagarden.no\/index.php\/wp-json\/wp\/v2\/pages\/20\/revisions\/165"}],"wp:attachment":[{"href":"https:\/\/larsagarden.no\/index.php\/wp-json\/wp\/v2\/media?parent=20"}],"curies":[{"name":"wp","href":"https:\/\/api.w.org\/{rel}","templated":true}]}}